lculate i(-6).
-27
Let a(u) = -8*u**2 + 1323*u - 1810. Give a(164).
-6
Let k(y) = y**3 - 186*y**2 + 229*y - 8148. Give k(185).
-8
Let j(t) = 81*t + 2138. Determine j(-26).
32
Let l(r) = 2*r**3 + 99*r + 72. Determine l(0).
72
Let f(x) = x**2 - 25*x + 344. Determine f(11).
190
Let o(m) = 4*m**3 + 24*m**2 + 2*m + 1. Determine o(-6).
-11
Let t(d) = 5*d**2 - 151*d - 645. Calculate t(-4).
39
Let a(s) = 7*s**2 - 109*s - 86. Calculate a(16).
-38
Let k(d) = -4*d**2 - 68*d + 304. Give k(4).
-32
Let h(g) = g**3 + 12*g**2 + g - 244. Give h(-9).
-10
Let v(z) = -136*z - 2595. What is v(-20)?
125
Let d(p) = 6*p**3 + 17*p**2 - 175*p + 8. What is d(-7)?
8
Let c(u) = -u**3 + 94*u**2 - 9. What is c(94)?
-9
Let w(k) = k**3 + 28*k**2 - 190*k + 78. Determine w(5).
-47
Let a(i) = 14*i**2 + 268*i + 78. Calculate a(-17).
-432
Let n(y) = -20*y**2 - 120*y - 29. What is n(-6)?
-29
Let y(p) = -114*p - 675. What is y(-6)?
9
Let m(v) = v**2 + 44*v - 79. Give m(-46).
13
Let u(g) = g**3 - 13*g**2 + 50*g - 1217. Calculate u(15).
-17
Let n(i) = -i**3 - 4*i**2 + 2*i - 575. Calculate n(0).
-575
Let n(l) = 2736*l - 43773. Calculate n(16).
3
Let n(o) = 19*o**3 + 23*o**2 + 49*o - 4. Determine n(-2).
-162
Let a(p) = 3139*p + 247975. Calculate a(-79).
-6
Let f(h) = 169*h + 687. Calculate f(-4).
11
Let d(n) = -2*n**3 + 9*n**2 - 27*n + 142. Give d(8).
-522
Let t(j) = -9*j**2 - 138*j + 14. What is t(-19)?
-613
Let w(d) = 15*d + 216. What is w(-17)?
-39
Let w(b) = b**3 - 72*b**2 - 380*b + 110. Calculate w(77).
495
Let t(n) = -n**3 - 55*n**2 - 105*n + 32. What is t(-53)?
-21
Let a(r) = 1616*r + 3209. Give a(-2).
-23
Let m(l) = l**3 - 38*l**2 + 48*l - 378. Determine m(37).
29
Let w(q) = -7*q - 50. What is w(22)?
-204
Let a(v) = -15*v - 194. What is a(-18)?
76
Let n(o) = 70*o + 4966. Determine n(-71).
-4
Let j(g) = -22*g**2 + 248*g - 59. Determine j(11).
7
Let c(q) = q**2 - 116*q + 3265. Determine c(69).
22
Let o(q) = q**3 + 30*q**2 + 59*q + 58. Determine o(-28).
-26
Let y(i) = -12*i**2 - 67*i - 27. Calculate y(-5).
8
Let u(x) = x**3 + 8*x**2 + 11*x + 11. Give u(-7).
-17
Let f(w) = -871*w - 3483. Calculate f(-4).
1
Let b(f) = f**3 + 13*f**2 - 8*f - 37. Give b(2).
7
Let t(q) = -3*q**3 - 295*q**2 - 96*q + 207. Calculate t(-98).
11
Let w(h) = -3*h**2 - 6*h + 44. Determine w(2).
20
Let u(t) = 3*t**2 - 7*t - 7. What is u(-5)?
103
Let w(s) = -s**2 + 2075*s - 16533. Determine w(8).
3
Let f(q) = -q**3 + 16*q**2 - 26*q + 6. Calculate f(4).
94
Let f(l) = -211*l + 440. Give f(2).
18
Let k(i) = 12*i - 67. What is k(6)?
5
Let a(c) = 34689*c - 173441. What is a(5)?
4
Let w(c) = -c + 91. Determine w(23).
68
Let v(i) = i**3 + i**2 + 8*i - 90. Determine v(0).
-90
Let g(z) = 9*z**2 + 7*z - 23. Give g(3).
79
Let y(f) = -f**2 + 19*f + 907. Give y(41).
5
Let b(v) = -8*v**2 + 35*v + 11. Determine b(4).
23
Let p(v) = 3088*v - 3090. Determine p(1).
-2
Let u(n) = 122*n**3 - 6*n**2 - 27*n - 4. What is u(-2)?
-950
Let r(g) = g**3 - 12*g**2 + 5*g - 69. Calculate r(12).
-9
Let p(q) = 2*q**3 + 2*q**2 + 41*q - 1. Give p(0).
-1
Let y(i) = 180*i - 1062. Give y(9).
558
Let b(m) = -5*m**2 + 4*m + 28. Determine b(4).
-36
Let a(j) = j**3 - 7*j**2 - 50*j - 55. What is a(-4)?
-31
Let t(w) = -2*w**3 - 11*w**2 + 15*w + 4. Give t(-8).
204
Let f(r) = 76*r - 195. What is f(6)?
261
Let w(z) = 541*z - 2729. Determine w(5).
-24
Let i(y) = -y**3 - 30*y**2 - 129*y + 50. Calculate i(-24).
-310
Let v(w) = -w**3 - 30*w**2 - 91*w + 187. Calculate v(-5).
17
Let t(l) = -l**2 + 203*l - 1770. Give t(9).
-24
Let z(a) = 2*a**3 - 14*a**2 + 14*a + 23. Calculate z(5).
-7
Let z(h) = 2*h**3 - 214*h**2 - 226*h + 1077. Calculate z(108).
-3
Let v(s) = 12*s**2 - 182*s + 15. Determine v(15).
-15
Let v(j) = -12*j + 157. Give v(-9).
265
Let a(z) = 1792*z - 62709. Determine a(35).
11
Let p(s) = 2*s**2 - 192*s - 5756. Determine p(-24).
4
Let z(y) = -y**2 - 70*y - 1380. Calculate z(-44).
-236
Let u(d) = 17*d - 33. Give u(5).
52
Let g(k) = 19*k**2 - 57*k - 13. Calculate g(6).
329
Let y(d) = -68*d + 340. What is y(3)?
136
Let q(r) = 4*r**2 + 177*r - 46. What is q(-44)?
-90
Let x(h) = 84*h**2 - 856*h + 1471. Calculate x(8).
-1
Let i(a) = -5*a**2 + 254*a - 3145. Calculate i(21).
-16
Let x(j) = j**3 + 9*j - 48. What is x(6)?
222
Let l(q) = -11*q**2 - 339*q - 926. Determine l(-3).
-8
Let p(l) = l**3 + 5*l**2 - 16*l - 28. Calculate p(3).
-4
Let g(f) = -3*f**3 - 34*f**2 - 22*f - 134. What is g(-11)?
-13
Let p(d) = 2*d**2 + 4*d + 140. Calculate p(-7).
210
Let w(l) = -l**2 + 7*l - 21. Determine w(7).
-21
Let n(d) = -1612*d + 19353. Give n(12).
9
Let g(q) = -q**2 - 38*q - 494. Give g(-19).
-133
Let a(z) = z**2 + 13*z - 178. What is a(-22)?
20
Let w(x) = -2*x**3 - 26*x**2 - 64*x - 43. Give w(-10).
-3
Let a(z) = 9*z**2 + 209*z + 584. Determine a(-20).
4
Let n(b) = -b**3 - 17*b**2 + 144*b + 2429. Calculate n(-17).
-19
Let o(w) = -6*w**2 - 12*w. Determine o(3).
-90
Let w(o) = -6*o**3 - 15*o**2 + 2*o + 3. Give w(-2).
-13
Let x(o) = 7*o**3 + 113*o**2 + 16*o + 34. Calculate x(-16).
34
Let l(q) = -256*q + 1566. What is l(6)?
30
Let s(v) = -4367*v + 30568. Determine s(7).
-1
Let p(a) = -a**3 + 6*a**2 - 23*a + 138. What is p(6)?
0
Let i(o) = -o**3 - 15*o**2 + 22*o + 391. What is i(-15)?
61
Let l(h) = -9*h**3 - 2*h - 9. Calculate l(3).
-258
Let b(m) = 26*m + 422. Determine b(-18).
-46
Let x(u) = -2*u - 381. Determine x(-54).
-273
Let m(w) = -70*w - 282. Give m(-3).
-72
Let u(m) = m**3 + 6*m**2 + 16*m + 178. Calculate u(-9).
-209
Let q(f) = -f**2 + 45*f + 100. Give q(37).
396
Let a(k) = -10*k**2 - 45*k - 4. Determine a(1).
-59
Let s(f) = 312*f - 12181. What is s(39)?
-13
Let z(a) = -637*a - 1494. Calculate z(-3).
417
Let d(r) = 10*r**2 + 295*r - 183. Determine d(-30).
-33
Let v(g) = -104*g**2 + 26*g - 28. Give v(1).
-106
Let q(i) = -27*i - 1150. What is q(-42)?
-16
Let s(y) = y**3 + 30*y**2 - 610*y + 315. Determine s(-44).
51
Let x(d) = -7*d**3 - 105*d**2 - 84*d + 20. Determine x(-1).
6
Let k(v) = -338*v + 6385. Calculate k(19).
-37
Let f(l) = -449*l + 5854. Give f(13).
17
Let x(l) = -2*l**3 + 26*l**2 + 64*l - 30. What is x(15)?
30
Let m(u) = -250*u + 1981. Give m(8).
-19
Let u(a) = 12*a**2 + 736*a + 358. Give u(-61).
114
Let k(w) = -w**2 - 75*w + 2615. Give k(25).
115
Let w(a) = 52*a**2 + 22*a - 2. Determine w(-1).
28
Let s(l) = -11*l**3 + 7*l**2 + 112*l - 117. What is s(1)?
-9
Let b(v) = -728*v + 1451. Calculate b(2).
-5
Let s(l) = -l**2 + 16*l + 154. Give s(-6).
22
Let q(s) = -2*s**3 + 6*s**2 + 53*s - 191. What is q(5)?
-26
Let g(b) = -107*b - 18085. Determine g(-169).
-2
Let z(k) = 58*k**2 - 968*k - 2545. Give z(19).
1
Let y(c) = c**3 + 70*c**2 + 77*c + 578. What is y(-69)?
26
Let j(f) = 214*f + 2782. Give j(-13).
0
Let g(q) = q**2 + 22*q + 20. Determine g(-1).
-1
Let c(s) = -s**2 + 35*s - 13. What is c(29)?
161
Let s(t) = -t**2 + 7*t + 191. What is s(9)?
173
Let y(g) = -4*g**2 + 24*g. Determine y(9).
-108
Let a(j) = j**2 + 29*j - 49. Determine a(-30).
-19
Let y(d) = -40*d + 186. Calculate y(19).
-574
Let a(d) = d**2 + 125*d - 5764. Determine a(36).
32
Let c(b) = 29*b - 4854. Calculate c(167).
-11
Let w(z) = z**3 - 46*z**2 + 126*z + 140. Calculate w(43).
11
Let g(t) = 1797*t + 4. Give g(0).
4
Let l(u) = -3*u**2 - 32*u - 96. Give l(-7).
-19
Let u(c) = 1160*c + 9409. Calculate u(-8).
129
Let o(d) = -9*d - 1024. Give o(-27).
-781
Let s(x) = 281*x - 49. What is s(-2)?
-611
Let p(r) = -4*r**2 - 343*r + 1895. What is p(-91)?
-16
Let o(z) = 2*z**3 + 34*z**2 - 25*z - 53. Calculate o(-18).
-251
Let w(t) = 135*t + 18103. Calculate w(-134).
13
Let i(x) = -26*x + 256. Give i(7).
74
Let h(r) = 7*r**3 + 6*r**2 - 17*r + 2. Determine h(3).
194
Let m(b) = -88*b + 7576. Calculate m(86).
8
Let k(a) = a**3 + 23*a**2 + 118*a - 11. Give k(-15).
19
Let f(b) = -b**3 - 9*b**2 + 32*b + 275. Calculate f(-9).
-13
Let v(a) = -291*a + 12243. Determine v(42).
21
Let z(y) = y**2 + 194*y + 1840. Give z(-10).
0
Let p(w) = -11150*w - 234155. What is p(-21)?
-5
Let t(g) = 3080*g + 21580. Determine t(-7).
20
Let n(q) = q**3 + 21*q**2 - 2*q - 60. Determine n(-21).
-18
Let a(d) = -95*d + 634. What is a(7)?
-31
Let j(a) = a**3 - 4*a**2 - 246*a - 856. Determine j(-4).
0
Let z(t) = -1469*t**2 - 13234*t - 119. Give z(-9).
-2
Let t(v) = -v**2 + 86*v + 176. Give t(-2).
0
Let m(a) = -a**3 - 81*a**2 + 715*a + 268. Calculate